{"id":140,"date":"2020-04-09T20:44:28","date_gmt":"2020-04-09T18:44:28","guid":{"rendered":"https:\/\/lacorte.hu\/wp53\/?page_id=140"},"modified":"2025-09-11T12:14:29","modified_gmt":"2025-09-11T10:14:29","slug":"szallitasi-teruletek-es-dijak","status":"publish","type":"page","link":"https:\/\/lacorte.hu\/wp53\/szallitasi-teruletek-es-dijak\/","title":{"rendered":"Sz\u00e1ll\u00edt\u00e1si inform\u00e1ci\u00f3k"},"content":{"rendered":"\n<p class=\"has-text-align-center\">Kedves Vend\u00e9g\u00fcnk!<\/p>\n\n\n\n<p class=\"has-text-align-center\">Az \u00e1tlagos sz\u00e1ll\u00edt\u00e1si id\u0151 40-60 perc. Amennyiben ett\u0151l jelent\u0151sen elt\u00e9r, azt a lacorte.hu weboldalon k\u00f6zz\u00e9tessz\u00fck.<\/p>\n\n\n\n<p class=\"has-text-align-center\">2022. j\u00fanius 27. t\u0151l a sz\u00e1ll\u00edt\u00e1si ter\u00fcletek \u00e9s annak d\u00edjai az al\u00e1bbiak szerint alakul.<\/p>\n\n\n\n<p class=\"has-text-align-center\">VIII. Ker\u00fclet:&nbsp;<strong>700 ft<\/strong><\/p>\n\n\n\n<p class=\"has-text-align-center\">IX. Ker\u00fclet:&nbsp;<strong>700 ft<\/strong><\/p>\n\n\n\n<p class=\"has-text-align-center\">X. Ker\u00fclet:<strong>&nbsp;700 ft<\/strong><\/p>\n\n\n\n<p class=\"has-text-align-center\">&nbsp;XIX. Ker\u00fclet:&nbsp;<strong>700 ft<\/strong><\/p>\n\n\n\n<p class=\"has-text-align-center\">XX. Ker\u00fclet:&nbsp;<strong>700 ft<\/strong><\/p>\n\n\n\n<p class=\"has-text-align-center\">K\u00e9rd\u00e9s\u00e9vel, \u00e9szrev\u00e9tel\u00e9vel forduljon telefonos munkat\u00e1rsunkhoz bizalommal.<\/p>\n\n\n\n<p class=\"has-text-align-center\">A h\u00e1zhozsz\u00e1ll\u00edt\u00e1si szolg\u00e1ltat\u00e1sunk az al\u00e1bbi t\u00e9rk\u00e9pen, sz\u00ednnel jel\u00f6lt ter\u00fcleteken \u00e9rhet\u0151k el.<\/p>\n\n\n\n<p class=\"has-text-align-center\"><\/p>\n\n\n\n<hr class=\"wp-block-separator has-css-opacity\"\/>\n\n\n\n<iframe loading=\"lazy\" src=\"https:\/\/www.google.com\/maps\/d\/embed?mid=1qhUqb7hzV4WidfqZi03WBUDI7oChCK0&#038;ehbc=2E312F\" width=\"1200\" height=\"800\"><\/iframe>\n\n\n\n<p><\/p>\n","protected":false},"excerpt":{"rendered":"<p>Kedves Vend\u00e9g\u00fcnk! Az \u00e1tlagos sz\u00e1ll\u00edt\u00e1si id\u0151 40-60 perc. Amennyiben ett\u0151l jelent\u0151sen elt\u00e9r, azt a lacorte.hu weboldalon k\u00f6zz\u00e9tessz\u00fck. 2022.<\/p>\n","protected":false},"author":1,"featured_media":0,"parent":0,"menu_order":0,"comment_status":"closed","ping_status":"closed","template":"","meta":{"footnotes":""},"class_list":["post-140","page","type-page","status-publish","hentry"],"_links":{"self":[{"href":"https:\/\/lacorte.hu\/wp53\/wp-json\/wp\/v2\/pages\/140","targetHints":{"allow":["GET"]}}],"collection":[{"href":"https:\/\/lacorte.hu\/wp53\/wp-json\/wp\/v2\/pages"}],"about":[{"href":"https:\/\/lacorte.hu\/wp53\/wp-json\/wp\/v2\/types\/page"}],"author":[{"embeddable":true,"href":"https:\/\/lacorte.hu\/wp53\/wp-json\/wp\/v2\/users\/1"}],"replies":[{"embeddable":true,"href":"https:\/\/lacorte.hu\/wp53\/wp-json\/wp\/v2\/comments?post=140"}],"version-history":[{"count":26,"href":"https:\/\/lacorte.hu\/wp53\/wp-json\/wp\/v2\/pages\/140\/revisions"}],"predecessor-version":[{"id":46928,"href":"https:\/\/lacorte.hu\/wp53\/wp-json\/wp\/v2\/pages\/140\/revisions\/46928"}],"wp:attachment":[{"href":"https:\/\/lacorte.hu\/wp53\/wp-json\/wp\/v2\/media?parent=140"}],"curies":[{"name":"wp","href":"https:\/\/api.w.org\/{rel}","templated":true}]}}

Szállítási információk

<p class="has-text-align-center">Kedves Vendégünk!</p>



<p class="has-text-align-center">Az átlagos szállítási idő 40-60 perc. Amennyiben ettől jelentősen eltér, azt a lacorte.hu weboldalon közzétesszük.</p>



<p class="has-text-align-center">2022. június 27. től a szállítási területek és annak díjai az alábbiak szerint alakul.</p>



<p class="has-text-align-center">VIII. Kerület:&nbsp;<strong>700 ft</strong></p>



<p class="has-text-align-center">IX. Kerület:&nbsp;<strong>700 ft</strong></p>



<p class="has-text-align-center">X. Kerület:<strong>&nbsp;700 ft</strong></p>



<p class="has-text-align-center">&nbsp;XIX. Kerület:&nbsp;<strong>700 ft</strong></p>



<p class="has-text-align-center">XX. Kerület:&nbsp;<strong>700 ft</strong></p>



<p class="has-text-align-center">Kérdésével, észrevételével forduljon telefonos munkatársunkhoz bizalommal.</p>



<p class="has-text-align-center">A házhozszállítási szolgáltatásunk az alábbi térképen, színnel jelölt területeken érhetők el.</p>



<p class="has-text-align-center"></p>



<hr class="wp-block-separator has-css-opacity"/>



<iframe loading="lazy" src="https://www.google.com/maps/d/embed?mid=1qhUqb7hzV4WidfqZi03WBUDI7oChCK0&#038;ehbc=2E312F" width="1200" height="800"></iframe>



<p></p>

<p>Kedves Vendégünk! Az átlagos szállítási idő 40-60 perc. Amennyiben ettől jelentősen eltér, azt a lacorte.hu weboldalon közzétesszük. 2022.</p>
