{"id":207,"date":"2020-04-10T15:26:43","date_gmt":"2020-04-10T13:26:43","guid":{"rendered":"https:\/\/lacorte.hu\/wp53\/?post_type=product&#038;p=207"},"modified":"2025-04-16T09:53:24","modified_gmt":"2025-04-16T07:53:24","slug":"tengeresz-spagetti","status":"publish","type":"product","link":"https:\/\/lacorte.hu\/wp53\/termek\/tengeresz-spagetti\/","title":{"rendered":"Tenger\u00e9sz spagetti"},"content":{"rendered":"","protected":false},"excerpt":{"rendered":"<p>fokhagym\u00e1s ol\u00edvaolajon pir\u00edtott tenger gy\u00fcm\u00f6lcse<\/p>\n","protected":false},"featured_media":12954,"template":"","meta":[],"product_brand":[],"product_cat":[22,21],"product_tag":[],"class_list":{"0":"post-207","1":"product","2":"type-product","3":"status-publish","4":"has-post-thumbnail","6":"product_cat-tesztak","7":"product_cat-halak","9":"first","10":"instock","11":"shipping-taxable","12":"purchasable","13":"product-type-simple","14":"berocket_lgv_grid","15":"berocket_lgv_list_grid"},"_links":{"self":[{"href":"https:\/\/lacorte.hu\/wp53\/wp-json\/wp\/v2\/product\/207","targetHints":{"allow":["GET"]}}],"collection":[{"href":"https:\/\/lacorte.hu\/wp53\/wp-json\/wp\/v2\/product"}],"about":[{"href":"https:\/\/lacorte.hu\/wp53\/wp-json\/wp\/v2\/types\/product"}],"wp:featuredmedia":[{"embeddable":true,"href":"https:\/\/lacorte.hu\/wp53\/wp-json\/wp\/v2\/media\/12954"}],"wp:attachment":[{"href":"https:\/\/lacorte.hu\/wp53\/wp-json\/wp\/v2\/media?parent=207"}],"wp:term":[{"taxonomy":"product_brand","embeddable":true,"href":"https:\/\/lacorte.hu\/wp53\/wp-json\/wp\/v2\/product_brand?post=207"},{"taxonomy":"product_cat","embeddable":true,"href":"https:\/\/lacorte.hu\/wp53\/wp-json\/wp\/v2\/product_cat?post=207"},{"taxonomy":"product_tag","embeddable":true,"href":"https:\/\/lacorte.hu\/wp53\/wp-json\/wp\/v2\/product_tag?post=207"}],"curies":[{"name":"wp","href":"https:\/\/api.w.org\/{rel}","templated":true}]}}