{"id":211,"date":"2020-04-10T15:31:38","date_gmt":"2020-04-10T13:31:38","guid":{"rendered":"https:\/\/lacorte.hu\/wp53\/?post_type=product&#038;p=211"},"modified":"2025-12-27T14:26:05","modified_gmt":"2025-12-27T13:26:05","slug":"kemences-vegetarianus-penne","status":"publish","type":"product","link":"https:\/\/lacorte.hu\/wp53\/termek\/kemences-vegetarianus-penne\/","title":{"rendered":"Kemenc\u00e9s veget\u00e1ri\u00e1nus penne"},"content":{"rendered":"","protected":false},"excerpt":{"rendered":"","protected":false},"featured_media":13595,"template":"","meta":[],"product_brand":[],"product_cat":[24,22],"product_tag":[],"class_list":{"0":"post-211","1":"product","2":"type-product","3":"status-publish","4":"has-post-thumbnail","6":"product_cat-vegetarianus-etelek","7":"product_cat-tesztak","9":"first","10":"instock","11":"shipping-taxable","12":"purchasable","13":"product-type-simple","14":"berocket_lgv_grid","15":"berocket_lgv_list_grid"},"_links":{"self":[{"href":"https:\/\/lacorte.hu\/wp53\/wp-json\/wp\/v2\/product\/211","targetHints":{"allow":["GET"]}}],"collection":[{"href":"https:\/\/lacorte.hu\/wp53\/wp-json\/wp\/v2\/product"}],"about":[{"href":"https:\/\/lacorte.hu\/wp53\/wp-json\/wp\/v2\/types\/product"}],"wp:featuredmedia":[{"embeddable":true,"href":"https:\/\/lacorte.hu\/wp53\/wp-json\/wp\/v2\/media\/13595"}],"wp:attachment":[{"href":"https:\/\/lacorte.hu\/wp53\/wp-json\/wp\/v2\/media?parent=211"}],"wp:term":[{"taxonomy":"product_brand","embeddable":true,"href":"https:\/\/lacorte.hu\/wp53\/wp-json\/wp\/v2\/product_brand?post=211"},{"taxonomy":"product_cat","embeddable":true,"href":"https:\/\/lacorte.hu\/wp53\/wp-json\/wp\/v2\/product_cat?post=211"},{"taxonomy":"product_tag","embeddable":true,"href":"https:\/\/lacorte.hu\/wp53\/wp-json\/wp\/v2\/product_tag?post=211"}],"curies":[{"name":"wp","href":"https:\/\/api.w.org\/{rel}","templated":true}]}}

Kemencés vegetáriánus penne
