{"id":396,"date":"2020-04-15T21:42:24","date_gmt":"2020-04-15T19:42:24","guid":{"rendered":"https:\/\/lacorte.hu\/wp53\/?post_type=product&#038;p=396"},"modified":"2026-04-14T18:28:51","modified_gmt":"2026-04-14T16:28:51","slug":"coca-cola-033l","status":"publish","type":"product","link":"https:\/\/lacorte.hu\/wp53\/termek\/coca-cola-033l\/","title":{"rendered":"Coca-Cola 0,33l"},"content":{"rendered":"","protected":false},"excerpt":{"rendered":"<p>Kiz\u00e1r\u00f3lag h\u00e1zhozsz\u00e1ll\u00edt\u00e1sra vonatkoz\u00f3 \u00e1r<\/p>\n","protected":false},"featured_media":0,"template":"","meta":[],"product_brand":[],"product_cat":[35],"product_tag":[],"class_list":{"0":"post-396","1":"product","2":"type-product","3":"status-publish","5":"product_cat-uditok","7":"first","8":"instock","9":"shipping-taxable","10":"purchasable","11":"product-type-simple","12":"berocket_lgv_grid","13":"berocket_lgv_list_grid"},"_links":{"self":[{"href":"https:\/\/lacorte.hu\/wp53\/wp-json\/wp\/v2\/product\/396","targetHints":{"allow":["GET"]}}],"collection":[{"href":"https:\/\/lacorte.hu\/wp53\/wp-json\/wp\/v2\/product"}],"about":[{"href":"https:\/\/lacorte.hu\/wp53\/wp-json\/wp\/v2\/types\/product"}],"wp:attachment":[{"href":"https:\/\/lacorte.hu\/wp53\/wp-json\/wp\/v2\/media?parent=396"}],"wp:term":[{"taxonomy":"product_brand","embeddable":true,"href":"https:\/\/lacorte.hu\/wp53\/wp-json\/wp\/v2\/product_brand?post=396"},{"taxonomy":"product_cat","embeddable":true,"href":"https:\/\/lacorte.hu\/wp53\/wp-json\/wp\/v2\/product_cat?post=396"},{"taxonomy":"product_tag","embeddable":true,"href":"https:\/\/lacorte.hu\/wp53\/wp-json\/wp\/v2\/product_tag?post=396"}],"curies":[{"name":"wp","href":"https:\/\/api.w.org\/{rel}","templated":true}]}}